{"id":2698,"date":"2025-05-20T08:57:21","date_gmt":"2025-05-20T06:57:21","guid":{"rendered":"https:\/\/braindegeek.shop\/?post_type=product&#038;p=2698"},"modified":"2025-11-01T17:23:40","modified_gmt":"2025-11-01T16:23:40","slug":"dreame-h15-pro-heat-test-avis-et-code-promo","status":"publish","type":"product","link":"https:\/\/braindegeek.shop\/index.php\/produit\/dreame-h15-pro-heat-test-avis-et-code-promo\/","title":{"rendered":"Dreame H15 Pro Heat, test, avis et code promo"},"content":{"rendered":"<h2 class=\"\" data-start=\"199\" data-end=\"283\">Dreame H15 Pro Heat \u2013 L\u2019aspirateur laveur \u00e0 eau chaude qui r\u00e9invente le m\u00e9nage<\/h2>\n<p><iframe title=\"Il chauffe \u00e0 85\u00b0C ? Aspirateur laveur Dreame H15 Pro Heat : test, avis, guide d&#039;achat, FR comparatif\" width=\"840\" height=\"473\" src=\"https:\/\/www.youtube.com\/embed\/FLGLYHz-rN4?feature=oembed\" frameborder=\"0\" allow=\"accelerometer; autoplay; clipboard-write; encrypted-media; gyroscope; picture-in-picture; web-share\" referrerpolicy=\"strict-origin-when-cross-origin\" allowfullscreen><\/iframe><\/p>\n<h3 class=\"\" data-start=\"285\" data-end=\"327\">\ud83d\ude80 Pr\u00e9sentation du produit (600+ mots)<\/h3>\n<p class=\"\" data-start=\"329\" data-end=\"732\">Le <strong data-start=\"332\" data-end=\"355\">Dreame H15 Pro Heat<\/strong> n\u2019est pas un simple aspirateur-balai : c\u2019est une <strong data-start=\"405\" data-end=\"443\">machine de guerre contre la salet\u00e9<\/strong>, pens\u00e9e pour ceux qui veulent une maison impeccable sans effort. Il combine les fonctions d\u2019<strong data-start=\"536\" data-end=\"559\">aspirateur sans fil<\/strong>, de <strong data-start=\"564\" data-end=\"598\">nettoyeur de sols \u00e0 eau chaude<\/strong>, et de <strong data-start=\"606\" data-end=\"631\">laveur auto-nettoyant<\/strong>. C\u2019est le haut de gamme du m\u00e9nage domestique, avec une dose d\u2019intelligence artificielle bien sentie.<\/p>\n<p class=\"\" data-start=\"734\" data-end=\"1074\">Mais ce qui rend ce mod\u00e8le unique, c\u2019est sa capacit\u00e9 \u00e0 <strong data-start=\"789\" data-end=\"837\">laver les sols avec de l\u2019eau chauff\u00e9e \u00e0 85\u00b0C<\/strong>, une temp\u00e9rature suffisamment \u00e9lev\u00e9e pour dissoudre la salet\u00e9 incrust\u00e9e, les taches de gras, ou encore \u00e9liminer certains germes et bact\u00e9ries. R\u00e9sultat ? Un sol plus propre, plus hygi\u00e9nique, sans utiliser de produits chimiques agressifs.<\/p>\n<h3 class=\"\" data-start=\"1076\" data-end=\"1105\">\ud83d\udca1 Fonctionnalit\u00e9s cl\u00e9s :<\/h3>\n<ul data-start=\"1107\" data-end=\"2756\">\n<li class=\"\" data-start=\"1107\" data-end=\"1329\">\n<p class=\"\" data-start=\"1109\" data-end=\"1329\"><strong data-start=\"1109\" data-end=\"1152\">Aspiration ultra-puissante de 22 000 Pa<\/strong><br data-start=\"1152\" data-end=\"1155\" \/>Capable de d\u00e9coller la salet\u00e9 incrust\u00e9e dans les recoins ou les joints de carrelage. \u00c0 titre de comparaison, un bon aspirateur standard tourne autour de 10 000 \u00e0 18 000 Pa.<\/p>\n<\/li>\n<li class=\"\" data-start=\"1331\" data-end=\"1545\">\n<p class=\"\" data-start=\"1333\" data-end=\"1545\"><strong data-start=\"1333\" data-end=\"1398\">Nettoyage \u00e0 l\u2019eau chaude 85 \u00b0C + lavage de la brosse \u00e0 100 \u00b0C<\/strong><br data-start=\"1398\" data-end=\"1401\" \/>L\u2019eau chaude p\u00e9n\u00e8tre mieux dans les salet\u00e9s tenaces. La brosse se lave ensuite toute seule \u00e0 haute temp\u00e9rature pour rester propre, sans odeur.<\/p>\n<\/li>\n<li class=\"\" data-start=\"1547\" data-end=\"1796\">\n<p class=\"\" data-start=\"1549\" data-end=\"1796\"><strong data-start=\"1549\" data-end=\"1574\">Bras robotis\u00e9 GapFree<\/strong><br data-start=\"1574\" data-end=\"1577\" \/>Gr\u00e2ce \u00e0 son bras articul\u00e9 intelligent, le H15 Pro Heat est capable de nettoyer les coins et les bords souvent n\u00e9glig\u00e9s par les autres aspirateurs. La technologie \u201cGapFree\u201d garantit une couverture \u00e0 100 % des surfaces.<\/p>\n<\/li>\n<li class=\"\" data-start=\"1798\" data-end=\"2003\">\n<p class=\"\" data-start=\"1800\" data-end=\"2003\"><strong data-start=\"1800\" data-end=\"1839\">S\u00e9chage rapide \u00e0 90 \u00b0C en 5 minutes<\/strong><br data-start=\"1839\" data-end=\"1842\" \/>Une fois le nettoyage termin\u00e9, la brosse est s\u00e9ch\u00e9e \u00e0 haute temp\u00e9rature. Cela emp\u00eache le d\u00e9veloppement de moisissures et permet de le r\u00e9utiliser imm\u00e9diatement.<\/p>\n<\/li>\n<li class=\"\" data-start=\"2005\" data-end=\"2245\">\n<p class=\"\" data-start=\"2007\" data-end=\"2245\"><strong data-start=\"2007\" data-end=\"2034\">Capteur RVB intelligent<\/strong><br data-start=\"2034\" data-end=\"2037\" \/>Un petit bijou de technologie : ce capteur d\u00e9tecte la salet\u00e9 au sol et ajuste automatiquement la puissance d\u2019aspiration et le d\u00e9bit d\u2019eau. Le nettoyage devient plus rapide, plus \u00e9conomique et plus efficace.<\/p>\n<\/li>\n<li class=\"\" data-start=\"2247\" data-end=\"2470\">\n<p class=\"\" data-start=\"2249\" data-end=\"2470\"><strong data-start=\"2249\" data-end=\"2278\">Application mobile Dreame<\/strong><br data-start=\"2278\" data-end=\"2281\" \/>L\u2019aspirateur est enti\u00e8rement contr\u00f4lable depuis l\u2019application. Suivez l\u2019\u00e9tat de la batterie, choisissez un mode, lancez le nettoyage \u00e0 distance, ou consultez l\u2019historique de vos sessions.<\/p>\n<\/li>\n<li class=\"\" data-start=\"2472\" data-end=\"2633\">\n<p class=\"\" data-start=\"2474\" data-end=\"2633\"><strong data-start=\"2474\" data-end=\"2493\">Mode silencieux<\/strong><br data-start=\"2493\" data-end=\"2496\" \/>Le mode \u201csoft\u201d permet de nettoyer en douceur pendant <strong data-start=\"2551\" data-end=\"2573\">jusqu\u2019\u00e0 72 minutes<\/strong>, parfait pour les nettoyages du soir ou les sols peu sales.<\/p>\n<\/li>\n<li class=\"\" data-start=\"2635\" data-end=\"2756\">\n<p class=\"\" data-start=\"2637\" data-end=\"2756\"><strong data-start=\"2637\" data-end=\"2684\">Syst\u00e8me GlideWheel\u2122 avec inclinaison \u00e0 180\u00b0<\/strong><br data-start=\"2684\" data-end=\"2687\" \/>Nettoie sous les meubles bas sans effort, sans avoir \u00e0 le soulever.<\/p>\n<\/li>\n<\/ul>\n<hr class=\"\" data-start=\"2758\" data-end=\"2761\" \/>\n<h3 class=\"\" data-start=\"2763\" data-end=\"2809\">\ud83d\udcca Caract\u00e9ristiques techniques simplifi\u00e9es<\/h3>\n<div class=\"_tableContainer_16hzy_1\">\n<div class=\"_tableWrapper_16hzy_14 group flex w-fit flex-col-reverse\" tabindex=\"-1\">\n<table class=\"w-fit min-w-(--thread-content-width)\" data-start=\"2811\" data-end=\"3241\">\n<thead data-start=\"2811\" data-end=\"2832\">\n<tr data-start=\"2811\" data-end=\"2832\">\n<th data-start=\"2811\" data-end=\"2822\" data-col-size=\"sm\">Fonction<\/th>\n<th data-start=\"2822\" data-end=\"2832\" data-col-size=\"md\">D\u00e9tail<\/th>\n<\/tr>\n<\/thead>\n<tbody data-start=\"2854\" data-end=\"3241\">\n<tr data-start=\"2854\" data-end=\"2897\">\n<td data-start=\"2854\" data-end=\"2867\" data-col-size=\"sm\">Aspiration<\/td>\n<td data-start=\"2867\" data-end=\"2897\" data-col-size=\"md\">22 000 Pa (ultra-puissant)<\/td>\n<\/tr>\n<tr data-start=\"2898\" data-end=\"2929\">\n<td data-start=\"2898\" data-end=\"2907\" data-col-size=\"sm\">Lavage<\/td>\n<td data-col-size=\"md\" data-start=\"2907\" data-end=\"2929\">Eau chaude \u00e0 85 \u00b0C<\/td>\n<\/tr>\n<tr data-start=\"2930\" data-end=\"2983\">\n<td data-start=\"2930\" data-end=\"2949\" data-col-size=\"sm\">Nettoyage brosse<\/td>\n<td data-col-size=\"md\" data-start=\"2949\" data-end=\"2983\">Eau \u00e0 100 \u00b0C + s\u00e9chage \u00e0 90 \u00b0C<\/td>\n<\/tr>\n<tr data-start=\"2984\" data-end=\"3055\">\n<td data-start=\"2984\" data-end=\"2996\" data-col-size=\"sm\">Autonomie<\/td>\n<td data-start=\"2996\" data-end=\"3055\" data-col-size=\"md\">Jusqu\u2019\u00e0 72 min en mode silencieux, 20 min en eau chaude<\/td>\n<\/tr>\n<tr data-start=\"3056\" data-end=\"3119\">\n<td data-start=\"3056\" data-end=\"3077\" data-col-size=\"sm\">Capacit\u00e9 r\u00e9servoir<\/td>\n<td data-col-size=\"md\" data-start=\"3077\" data-end=\"3119\">800 ml (eau propre), 650 ml (eau sale)<\/td>\n<\/tr>\n<tr data-start=\"3120\" data-end=\"3146\">\n<td data-start=\"3120\" data-end=\"3128\" data-col-size=\"sm\">Poids<\/td>\n<td data-col-size=\"md\" data-start=\"3128\" data-end=\"3146\">Environ 5,8 kg<\/td>\n<\/tr>\n<tr data-start=\"3147\" data-end=\"3188\">\n<td data-start=\"3147\" data-end=\"3168\" data-col-size=\"sm\">Application mobile<\/td>\n<td data-col-size=\"md\" data-start=\"3168\" data-end=\"3188\">Oui (Dreamehome)<\/td>\n<\/tr>\n<tr data-start=\"3189\" data-end=\"3241\">\n<td data-start=\"3189\" data-end=\"3220\" data-col-size=\"sm\">D\u00e9tection automatique salet\u00e9<\/td>\n<td data-col-size=\"md\" data-start=\"3220\" data-end=\"3241\">Oui (capteur RVB)<\/td>\n<\/tr>\n<\/tbody>\n<\/table>\n<div class=\"sticky end-(--thread-content-margin) h-0 self-end select-none\">\n<div class=\"absolute end-0 flex items-end\"><\/div>\n<\/div>\n<\/div>\n<\/div>\n<hr class=\"\" data-start=\"3243\" data-end=\"3246\" \/>\n<h2 class=\"\" data-start=\"3248\" data-end=\"3273\">\u2753 Questions fr\u00e9quentes<\/h2>\n<p class=\"\" data-start=\"3275\" data-end=\"3502\"><strong data-start=\"3275\" data-end=\"3319\">Est-ce que l\u2019eau chaude ab\u00eeme les sols ?<\/strong><br data-start=\"3319\" data-end=\"3322\" \/>Non, l\u2019eau est diffus\u00e9e de mani\u00e8re contr\u00f4l\u00e9e. Le Dreame H15 Pro Heat est con\u00e7u pour \u00eatre compatible avec la majorit\u00e9 des sols durs : carrelage, vinyle, parquet vitrifi\u00e9, stratifi\u00e9\u2026<\/p>\n<p class=\"\" data-start=\"3504\" data-end=\"3681\"><strong data-start=\"3504\" data-end=\"3553\">Peut-on utiliser des produits m\u00e9nagers avec ?<\/strong><br data-start=\"3553\" data-end=\"3556\" \/>Oui, mais uniquement ceux compatibles avec les aspirateurs laveurs. L\u2019eau chaude suffit g\u00e9n\u00e9ralement \u00e0 nettoyer efficacement.<\/p>\n<p class=\"\" data-start=\"3683\" data-end=\"3863\"><strong data-start=\"3683\" data-end=\"3737\">Ce mod\u00e8le est-il adapt\u00e9 aux maisons avec animaux ?<\/strong><br data-start=\"3737\" data-end=\"3740\" \/>Absolument. Gr\u00e2ce \u00e0 la technologie TangleCut\u2122, les poils ne s\u2019enroulent pas autour de la brosse. Le nettoyage reste fluide.<\/p>\n<p class=\"\" data-start=\"3865\" data-end=\"4034\"><strong data-start=\"3865\" data-end=\"3911\">Dois-je nettoyer l\u2019appareil manuellement ?<\/strong><br data-start=\"3911\" data-end=\"3914\" \/>Non, tout est automatique : rin\u00e7age de la brosse \u00e0 100 \u00b0C, s\u00e9chage rapide, vidange de l\u2019eau sale. Un vrai gain de temps.<\/p>\n<p class=\"\" data-start=\"4036\" data-end=\"4219\"><strong data-start=\"4036\" data-end=\"4083\">Faut-il un abonnement ou des consommables ?<\/strong><br data-start=\"4083\" data-end=\"4086\" \/>Aucun abonnement. Il suffit de nettoyer les r\u00e9servoirs de temps \u00e0 autre et de remplacer la brosse si elle s\u2019use apr\u00e8s plusieurs mois.<\/p>\n","protected":false},"excerpt":{"rendered":"<p class=\"\" data-start=\"4252\" data-end=\"4758\">Le <strong data-start=\"4255\" data-end=\"4278\">Dreame H15 Pro Heat<\/strong> est sans conteste l\u2019un des aspirateurs laveurs les plus avanc\u00e9s de 2025. Il r\u00e9unit tout ce qu\u2019on attend d\u2019un appareil de m\u00e9nage moderne : puissance, intelligence, autonomie et hygi\u00e8ne. Gr\u00e2ce \u00e0 son syst\u00e8me de <strong data-start=\"4487\" data-end=\"4520\">lavage \u00e0 l\u2019eau chaude \u00e0 85 \u00b0C<\/strong>, il d\u00e9sincruste efficacement les salet\u00e9s tout en garantissant un sol sain et sans bact\u00e9ries. Sa <strong data-start=\"4617\" data-end=\"4651\">brosse autonettoyante \u00e0 100 \u00b0C<\/strong> et son <strong data-start=\"4659\" data-end=\"4685\">s\u00e9chage rapide \u00e0 90 \u00b0C<\/strong> \u00e9vitent les mauvaises odeurs et rendent l\u2019entretien quasiment invisible.<\/p>\n<p class=\"\" data-start=\"4760\" data-end=\"5066\">Son <strong data-start=\"4764\" data-end=\"4789\">bras robotis\u00e9 GapFree<\/strong>, combin\u00e9 \u00e0 la <strong data-start=\"4804\" data-end=\"4842\">d\u00e9tection automatique de la salet\u00e9<\/strong>, permet un nettoyage des moindres recoins, sans que vous n\u2019ayez \u00e0 forcer. M\u00eame les coins de plinthes sont impeccables. Et avec sa <strong data-start=\"4973\" data-end=\"5012\">puissance d\u2019aspiration de 22 000 Pa<\/strong>, aucun d\u00e9bris, poil ou grain de sable ne lui \u00e9chappe.<\/p>\n<p class=\"\" data-start=\"5068\" data-end=\"5339\">Tout est pens\u00e9 pour votre confort : <strong data-start=\"5104\" data-end=\"5132\">contr\u00f4le via application<\/strong>, <strong data-start=\"5134\" data-end=\"5158\">nettoyage silencieux<\/strong>, <strong data-start=\"5160\" data-end=\"5192\">autonomie jusqu\u2019\u00e0 72 minutes<\/strong>, et <strong data-start=\"5197\" data-end=\"5225\">design inclinable \u00e0 180\u00b0<\/strong> pour aller sous les meubles. C\u2019est l\u2019outil r\u00eav\u00e9 pour ceux qui veulent une maison propre sans y passer des heures.<\/p>\n<p class=\"\" data-start=\"5341\" data-end=\"5605\">En r\u00e9sum\u00e9, le Dreame H15 Pro Heat est un choix haut de gamme, parfaitement adapt\u00e9 aux familles, aux foyers avec animaux, ou \u00e0 ceux qui veulent le meilleur de la technologie pour le m\u00e9nage. Il est plus qu\u2019un aspirateur : c\u2019est un assistant intelligent du quotidien.<\/p>\n","protected":false},"featured_media":2699,"comment_status":"open","ping_status":"closed","template":"","meta":{"_gspb_post_css":""},"store":[420],"product_brand":[],"product_cat":[244,423],"product_tag":[],"class_list":{"0":"post-2698","1":"product","2":"type-product","3":"status-publish","4":"has-post-thumbnail","6":"store-dreame","7":"product_cat-aspirateur","8":"product_cat-laveur","10":"first","11":"instock","12":"shipping-taxable","13":"product-type-external"},"yoast_head":"<!-- This site is optimized with the Yoast SEO plugin v27.3 - https:\/\/yoast.com\/product\/yoast-seo-wordpress\/ -->\n<title>Dreame H15 Pro Heat, test, avis et code promo - Braindegeek<\/title>\n<meta name=\"description\" content=\"Le Dreame H15 Pro Heat n\u2019est pas un simple aspirateur-balai : c\u2019est une machine de guerre contre la salet\u00e9, pens\u00e9e pour ceux qui veulent une\" \/>\n<meta name=\"robots\" content=\"index, follow, max-snippet:-1, max-image-preview:large, max-video-preview:-1\" \/>\n<link rel=\"canonical\" href=\"https:\/\/braindegeek.shop\/index.php\/produit\/dreame-h15-pro-heat-test-avis-et-code-promo\/\" \/>\n<meta property=\"og:locale\" content=\"fr_FR\" \/>\n<meta property=\"og:type\" content=\"article\" \/>\n<meta property=\"og:title\" content=\"Dreame H15 Pro Heat, test, avis et code promo - Braindegeek\" \/>\n<meta property=\"og:description\" content=\"Le Dreame H15 Pro Heat n\u2019est pas un simple aspirateur-balai : c\u2019est une machine de guerre contre la salet\u00e9, pens\u00e9e pour ceux qui veulent une\" \/>\n<meta property=\"og:url\" content=\"https:\/\/braindegeek.shop\/index.php\/produit\/dreame-h15-pro-heat-test-avis-et-code-promo\/\" \/>\n<meta property=\"og:site_name\" content=\"Braindegeek\" \/>\n<meta property=\"article:publisher\" content=\"https:\/\/www.facebook.com\/BrainDeGeek\/\" \/>\n<meta property=\"article:modified_time\" content=\"2025-11-01T16:23:40+00:00\" \/>\n<meta property=\"og:image\" content=\"https:\/\/braindegeek.shop\/wp-content\/uploads\/2025\/05\/Dreame-H15-Pro-Heat-test-avis-et-code-promo.png\" \/>\n\t<meta property=\"og:image:width\" content=\"500\" \/>\n\t<meta property=\"og:image:height\" content=\"500\" \/>\n\t<meta property=\"og:image:type\" content=\"image\/png\" \/>\n<meta name=\"twitter:card\" content=\"summary_large_image\" \/>\n<meta name=\"twitter:site\" content=\"@braindegeek\" \/>\n<meta name=\"twitter:label1\" content=\"Dur\u00e9e de lecture estim\u00e9e\" \/>\n\t<meta name=\"twitter:data1\" content=\"4 minutes\" \/>\n<script type=\"application\/ld+json\" class=\"yoast-schema-graph\">{\"@context\":\"https:\\\/\\\/schema.org\",\"@graph\":[{\"@type\":\"WebPage\",\"@id\":\"https:\\\/\\\/braindegeek.shop\\\/index.php\\\/produit\\\/dreame-h15-pro-heat-test-avis-et-code-promo\\\/\",\"url\":\"https:\\\/\\\/braindegeek.shop\\\/index.php\\\/produit\\\/dreame-h15-pro-heat-test-avis-et-code-promo\\\/\",\"name\":\"Dreame H15 Pro Heat, test, avis et code promo - Braindegeek\",\"isPartOf\":{\"@id\":\"https:\\\/\\\/braindegeek.shop\\\/#website\"},\"primaryImageOfPage\":{\"@id\":\"https:\\\/\\\/braindegeek.shop\\\/index.php\\\/produit\\\/dreame-h15-pro-heat-test-avis-et-code-promo\\\/#primaryimage\"},\"image\":{\"@id\":\"https:\\\/\\\/braindegeek.shop\\\/index.php\\\/produit\\\/dreame-h15-pro-heat-test-avis-et-code-promo\\\/#primaryimage\"},\"thumbnailUrl\":\"https:\\\/\\\/braindegeek.shop\\\/wp-content\\\/uploads\\\/2025\\\/05\\\/Dreame-H15-Pro-Heat-test-avis-et-code-promo.png\",\"datePublished\":\"2025-05-20T06:57:21+00:00\",\"dateModified\":\"2025-11-01T16:23:40+00:00\",\"description\":\"Le Dreame H15 Pro Heat n\u2019est pas un simple aspirateur-balai : c\u2019est une machine de guerre contre la salet\u00e9, pens\u00e9e pour ceux qui veulent une\",\"breadcrumb\":{\"@id\":\"https:\\\/\\\/braindegeek.shop\\\/index.php\\\/produit\\\/dreame-h15-pro-heat-test-avis-et-code-promo\\\/#breadcrumb\"},\"inLanguage\":\"fr-FR\",\"potentialAction\":[{\"@type\":\"ReadAction\",\"target\":[\"https:\\\/\\\/braindegeek.shop\\\/index.php\\\/produit\\\/dreame-h15-pro-heat-test-avis-et-code-promo\\\/\"]}]},{\"@type\":\"ImageObject\",\"inLanguage\":\"fr-FR\",\"@id\":\"https:\\\/\\\/braindegeek.shop\\\/index.php\\\/produit\\\/dreame-h15-pro-heat-test-avis-et-code-promo\\\/#primaryimage\",\"url\":\"https:\\\/\\\/braindegeek.shop\\\/wp-content\\\/uploads\\\/2025\\\/05\\\/Dreame-H15-Pro-Heat-test-avis-et-code-promo.png\",\"contentUrl\":\"https:\\\/\\\/braindegeek.shop\\\/wp-content\\\/uploads\\\/2025\\\/05\\\/Dreame-H15-Pro-Heat-test-avis-et-code-promo.png\",\"width\":500,\"height\":500,\"caption\":\"Dreame H15 Pro Heat, test, avis et code promo\"},{\"@type\":\"BreadcrumbList\",\"@id\":\"https:\\\/\\\/braindegeek.shop\\\/index.php\\\/produit\\\/dreame-h15-pro-heat-test-avis-et-code-promo\\\/#breadcrumb\",\"itemListElement\":[{\"@type\":\"ListItem\",\"position\":1,\"name\":\"Accueil\",\"item\":\"https:\\\/\\\/braindegeek.shop\\\/\"},{\"@type\":\"ListItem\",\"position\":2,\"name\":\"Boutique\",\"item\":\"https:\\\/\\\/braindegeek.shop\\\/index.php\\\/boutique\\\/\"},{\"@type\":\"ListItem\",\"position\":3,\"name\":\"Dreame H15 Pro Heat, test, avis et code promo\"}]},{\"@type\":\"WebSite\",\"@id\":\"https:\\\/\\\/braindegeek.shop\\\/#website\",\"url\":\"https:\\\/\\\/braindegeek.shop\\\/\",\"name\":\"Braindegeek, votre guide d'achat pour les produits high-tech\",\"description\":\"Votre guide d&#039;achat pour vos produits high-tech : robots aspirateurs, tondeuse, piscine et autres nouvelles technologies\",\"publisher\":{\"@id\":\"https:\\\/\\\/braindegeek.shop\\\/#organization\"},\"potentialAction\":[{\"@type\":\"SearchAction\",\"target\":{\"@type\":\"EntryPoint\",\"urlTemplate\":\"https:\\\/\\\/braindegeek.shop\\\/?s={search_term_string}\"},\"query-input\":{\"@type\":\"PropertyValueSpecification\",\"valueRequired\":true,\"valueName\":\"search_term_string\"}}],\"inLanguage\":\"fr-FR\"},{\"@type\":\"Organization\",\"@id\":\"https:\\\/\\\/braindegeek.shop\\\/#organization\",\"name\":\"Braindegeek, votre guide d'achat pour les produits high-tech\",\"url\":\"https:\\\/\\\/braindegeek.shop\\\/\",\"logo\":{\"@type\":\"ImageObject\",\"inLanguage\":\"fr-FR\",\"@id\":\"https:\\\/\\\/braindegeek.shop\\\/#\\\/schema\\\/logo\\\/image\\\/\",\"url\":\"https:\\\/\\\/braindegeek.shop\\\/wp-content\\\/uploads\\\/2024\\\/05\\\/bdg-1.png\",\"contentUrl\":\"https:\\\/\\\/braindegeek.shop\\\/wp-content\\\/uploads\\\/2024\\\/05\\\/bdg-1.png\",\"width\":150,\"height\":150,\"caption\":\"Braindegeek, votre guide d'achat pour les produits high-tech\"},\"image\":{\"@id\":\"https:\\\/\\\/braindegeek.shop\\\/#\\\/schema\\\/logo\\\/image\\\/\"},\"sameAs\":[\"https:\\\/\\\/www.facebook.com\\\/BrainDeGeek\\\/\",\"https:\\\/\\\/x.com\\\/braindegeek\",\"https:\\\/\\\/www.tiktok.com\\\/@braindegeek\",\"https:\\\/\\\/www.youtube.com\\\/braindegeek\"]}]}<\/script>\n<!-- \/ Yoast SEO plugin. -->","yoast_head_json":{"title":"Dreame H15 Pro Heat, test, avis et code promo - Braindegeek","description":"Le Dreame H15 Pro Heat n\u2019est pas un simple aspirateur-balai : c\u2019est une machine de guerre contre la salet\u00e9, pens\u00e9e pour ceux qui veulent une","robots":{"index":"index","follow":"follow","max-snippet":"max-snippet:-1","max-image-preview":"max-image-preview:large","max-video-preview":"max-video-preview:-1"},"canonical":"https:\/\/braindegeek.shop\/index.php\/produit\/dreame-h15-pro-heat-test-avis-et-code-promo\/","og_locale":"fr_FR","og_type":"article","og_title":"Dreame H15 Pro Heat, test, avis et code promo - Braindegeek","og_description":"Le Dreame H15 Pro Heat n\u2019est pas un simple aspirateur-balai : c\u2019est une machine de guerre contre la salet\u00e9, pens\u00e9e pour ceux qui veulent une","og_url":"https:\/\/braindegeek.shop\/index.php\/produit\/dreame-h15-pro-heat-test-avis-et-code-promo\/","og_site_name":"Braindegeek","article_publisher":"https:\/\/www.facebook.com\/BrainDeGeek\/","article_modified_time":"2025-11-01T16:23:40+00:00","og_image":[{"width":500,"height":500,"url":"https:\/\/braindegeek.shop\/wp-content\/uploads\/2025\/05\/Dreame-H15-Pro-Heat-test-avis-et-code-promo.png","type":"image\/png"}],"twitter_card":"summary_large_image","twitter_site":"@braindegeek","twitter_misc":{"Dur\u00e9e de lecture estim\u00e9e":"4 minutes"},"schema":{"@context":"https:\/\/schema.org","@graph":[{"@type":"WebPage","@id":"https:\/\/braindegeek.shop\/index.php\/produit\/dreame-h15-pro-heat-test-avis-et-code-promo\/","url":"https:\/\/braindegeek.shop\/index.php\/produit\/dreame-h15-pro-heat-test-avis-et-code-promo\/","name":"Dreame H15 Pro Heat, test, avis et code promo - Braindegeek","isPartOf":{"@id":"https:\/\/braindegeek.shop\/#website"},"primaryImageOfPage":{"@id":"https:\/\/braindegeek.shop\/index.php\/produit\/dreame-h15-pro-heat-test-avis-et-code-promo\/#primaryimage"},"image":{"@id":"https:\/\/braindegeek.shop\/index.php\/produit\/dreame-h15-pro-heat-test-avis-et-code-promo\/#primaryimage"},"thumbnailUrl":"https:\/\/braindegeek.shop\/wp-content\/uploads\/2025\/05\/Dreame-H15-Pro-Heat-test-avis-et-code-promo.png","datePublished":"2025-05-20T06:57:21+00:00","dateModified":"2025-11-01T16:23:40+00:00","description":"Le Dreame H15 Pro Heat n\u2019est pas un simple aspirateur-balai : c\u2019est une machine de guerre contre la salet\u00e9, pens\u00e9e pour ceux qui veulent une","breadcrumb":{"@id":"https:\/\/braindegeek.shop\/index.php\/produit\/dreame-h15-pro-heat-test-avis-et-code-promo\/#breadcrumb"},"inLanguage":"fr-FR","potentialAction":[{"@type":"ReadAction","target":["https:\/\/braindegeek.shop\/index.php\/produit\/dreame-h15-pro-heat-test-avis-et-code-promo\/"]}]},{"@type":"ImageObject","inLanguage":"fr-FR","@id":"https:\/\/braindegeek.shop\/index.php\/produit\/dreame-h15-pro-heat-test-avis-et-code-promo\/#primaryimage","url":"https:\/\/braindegeek.shop\/wp-content\/uploads\/2025\/05\/Dreame-H15-Pro-Heat-test-avis-et-code-promo.png","contentUrl":"https:\/\/braindegeek.shop\/wp-content\/uploads\/2025\/05\/Dreame-H15-Pro-Heat-test-avis-et-code-promo.png","width":500,"height":500,"caption":"Dreame H15 Pro Heat, test, avis et code promo"},{"@type":"BreadcrumbList","@id":"https:\/\/braindegeek.shop\/index.php\/produit\/dreame-h15-pro-heat-test-avis-et-code-promo\/#breadcrumb","itemListElement":[{"@type":"ListItem","position":1,"name":"Accueil","item":"https:\/\/braindegeek.shop\/"},{"@type":"ListItem","position":2,"name":"Boutique","item":"https:\/\/braindegeek.shop\/index.php\/boutique\/"},{"@type":"ListItem","position":3,"name":"Dreame H15 Pro Heat, test, avis et code promo"}]},{"@type":"WebSite","@id":"https:\/\/braindegeek.shop\/#website","url":"https:\/\/braindegeek.shop\/","name":"Braindegeek, votre guide d'achat pour les produits high-tech","description":"Votre guide d&#039;achat pour vos produits high-tech : robots aspirateurs, tondeuse, piscine et autres nouvelles technologies","publisher":{"@id":"https:\/\/braindegeek.shop\/#organization"},"potentialAction":[{"@type":"SearchAction","target":{"@type":"EntryPoint","urlTemplate":"https:\/\/braindegeek.shop\/?s={search_term_string}"},"query-input":{"@type":"PropertyValueSpecification","valueRequired":true,"valueName":"search_term_string"}}],"inLanguage":"fr-FR"},{"@type":"Organization","@id":"https:\/\/braindegeek.shop\/#organization","name":"Braindegeek, votre guide d'achat pour les produits high-tech","url":"https:\/\/braindegeek.shop\/","logo":{"@type":"ImageObject","inLanguage":"fr-FR","@id":"https:\/\/braindegeek.shop\/#\/schema\/logo\/image\/","url":"https:\/\/braindegeek.shop\/wp-content\/uploads\/2024\/05\/bdg-1.png","contentUrl":"https:\/\/braindegeek.shop\/wp-content\/uploads\/2024\/05\/bdg-1.png","width":150,"height":150,"caption":"Braindegeek, votre guide d'achat pour les produits high-tech"},"image":{"@id":"https:\/\/braindegeek.shop\/#\/schema\/logo\/image\/"},"sameAs":["https:\/\/www.facebook.com\/BrainDeGeek\/","https:\/\/x.com\/braindegeek","https:\/\/www.tiktok.com\/@braindegeek","https:\/\/www.youtube.com\/braindegeek"]}]}},"jetpack_sharing_enabled":true,"_links":{"self":[{"href":"https:\/\/braindegeek.shop\/index.php\/wp-json\/wp\/v2\/product\/2698","targetHints":{"allow":["GET"]}}],"collection":[{"href":"https:\/\/braindegeek.shop\/index.php\/wp-json\/wp\/v2\/product"}],"about":[{"href":"https:\/\/braindegeek.shop\/index.php\/wp-json\/wp\/v2\/types\/product"}],"replies":[{"embeddable":true,"href":"https:\/\/braindegeek.shop\/index.php\/wp-json\/wp\/v2\/comments?post=2698"}],"wp:featuredmedia":[{"embeddable":true,"href":"https:\/\/braindegeek.shop\/index.php\/wp-json\/wp\/v2\/media\/2699"}],"wp:attachment":[{"href":"https:\/\/braindegeek.shop\/index.php\/wp-json\/wp\/v2\/media?parent=2698"}],"wp:term":[{"taxonomy":"store","embeddable":true,"href":"https:\/\/braindegeek.shop\/index.php\/wp-json\/wp\/v2\/store?post=2698"},{"taxonomy":"product_brand","embeddable":true,"href":"https:\/\/braindegeek.shop\/index.php\/wp-json\/wp\/v2\/product_brand?post=2698"},{"taxonomy":"product_cat","embeddable":true,"href":"https:\/\/braindegeek.shop\/index.php\/wp-json\/wp\/v2\/product_cat?post=2698"},{"taxonomy":"product_tag","embeddable":true,"href":"https:\/\/braindegeek.shop\/index.php\/wp-json\/wp\/v2\/product_tag?post=2698"}],"curies":[{"name":"wp","href":"https:\/\/api.w.org\/{rel}","templated":true}]}}