{"id":2002,"date":"2024-05-20T12:26:32","date_gmt":"2024-05-20T10:26:32","guid":{"rendered":"https:\/\/braindegeek.shop\/?post_type=product&#038;p=2002"},"modified":"2024-06-25T09:19:38","modified_gmt":"2024-06-25T07:19:38","slug":"rhinobuff-de-rhinoshield","status":"publish","type":"product","link":"https:\/\/braindegeek.shop\/index.php\/produit\/rhinobuff-de-rhinoshield\/","title":{"rendered":"RhinoBuff de Rhinoshield"},"content":{"rendered":"<div class=\"flex flex-grow flex-col max-w-full\">\n<div class=\"min-h-[20px] text-message flex flex-col items-start whitespace-pre-wrap break-words [.text-message+&amp;]:mt-5 juice:w-full juice:items-end overflow-x-auto gap-3\" dir=\"auto\" data-message-author-role=\"assistant\" data-message-id=\"5a4fb7f2-1632-4333-b8a4-502b5e9c040f\">\n<div class=\"markdown prose w-full break-words dark:prose-invert light\">\n<h4>Une pr\u00e9cision du bout des doigts<\/h4>\n<p><strong>Introduction :<\/strong> Dans les combats de haut niveau, une seule erreur peut tout changer. Soyez toujours pr\u00eat \u00e0 gagner avec notre kit de pr\u00e9cision FPS : z\u00e9ro latence, contr\u00f4le tactile sans faille, ultra-l\u00e9ger, refroidissement optimis\u00e9 et g\u00e2chettes personnalisables.<\/p>\n<hr \/>\n<h4>Caract\u00e9ristiques Principales :<\/h4>\n<p><strong>Technologie de jeu brevet\u00e9e :<\/strong><\/p>\n<ul>\n<li><strong>0 Latence :<\/strong> Une r\u00e9activit\u00e9 instantan\u00e9e pour un contr\u00f4le total gr\u00e2ce \u00e0 notre technologie de jeu \u00e9lectro-am\u00e9lior\u00e9e brevet\u00e9e par MGC.<\/li>\n<li><strong>R\u00e9ponse Ultra-Rapide :<\/strong> Une pression sur les boutons capteurs pour une r\u00e9ponse tactile instantan\u00e9e, en quelques millisecondes.<\/li>\n<\/ul>\n<p><strong>Design Ergonomique et L\u00e9ger :<\/strong><\/p>\n<ul>\n<li><strong>Ergonomie Sup\u00e9rieure :<\/strong> Plus l\u00e9g\u00e8re que jamais, la coque RhinoBuff est con\u00e7ue avec un bumper plus fin, offrant une prise en main confortable et sans effort.<\/li>\n<li><strong>Boutons Capteurs :<\/strong> Permettent une meilleure prise en main pendant le jeu, r\u00e9duisant la fatigue des mains et des doigts.<\/li>\n<\/ul>\n<p><strong>Protection et Performance :<\/strong><\/p>\n<ul>\n<li><strong>\u00c9cran Ultra-Lisse :<\/strong> Les protections d&rsquo;\u00e9cran subissent un traitement mat sp\u00e9cial pour une exp\u00e9rience de jeu fluide et des mouvements directionnels pr\u00e9cis.<\/li>\n<li><strong>G\u00e2chettes Personnalisables :<\/strong> Boostez vos performances avec des configurations personnalis\u00e9es en assignant vos commandes les plus utilis\u00e9es aux boutons capteurs HyperTouch.<\/li>\n<\/ul>\n<p><strong>Refroidissement Optimis\u00e9 :<\/strong><\/p>\n<ul>\n<li><strong>Design Sans Plaque Arri\u00e8re :<\/strong> Am\u00e9liore l&rsquo;efficacit\u00e9 du refroidissement, permettant une meilleure dissipation de la chaleur pour des performances maximales sans risque de surchauffe.<\/li>\n<\/ul>\n<p><strong>Installation Facile :<\/strong><\/p>\n<ul>\n<li><strong>Cadre d&rsquo;Alignement Inclus :<\/strong> Garantit une installation pr\u00e9cise et sans effort des protections d&rsquo;\u00e9cran.<\/li>\n<\/ul>\n<hr \/>\n<h4>Con\u00e7u pour les Joueurs Mobiles :<\/h4>\n<p><strong>Protection de Niveau Militaire :<\/strong><\/p>\n<ul>\n<li><strong>ShockSpread\u2122 :<\/strong> Technologie de structure en nid d&rsquo;abeille pour une absorption des chocs de niveau militaire.<\/li>\n<li><strong>R\u00e9sistance Sup\u00e9rieure :<\/strong> R\u00e9siste aux rayures, \u00e0 l&rsquo;eau, \u00e0 l&rsquo;huile et aux empreintes de doigts gr\u00e2ce \u00e0 une duret\u00e9 de 9H.<\/li>\n<\/ul>\n<p><strong>Mobilit\u00e9 et Durabilit\u00e9 :<\/strong><\/p>\n<ul>\n<li><strong>Garantie de Deux Ans :<\/strong> Concentrez-vous sur votre jeu sans souci.<\/li>\n<li><strong>Mat\u00e9riaux Durables :<\/strong> Technologie de mat\u00e9riaux durables et \u00e9cosyst\u00e8me circulaire RHINO LOOP pour un recyclage complet.<\/li>\n<\/ul>\n<hr \/>\n<h4>Sp\u00e9cifications :<\/h4>\n<p><strong>Mat\u00e9riaux :<\/strong><\/p>\n<ul>\n<li><strong>Coque :<\/strong> TPE<\/li>\n<li><strong>Boutons :<\/strong> Acier inoxydable<\/li>\n<li><strong>Protection d&rsquo;\u00e9cran :<\/strong> Verre \/ PET \/ Acier<\/li>\n<li><strong>Cadre d&rsquo;alignement :<\/strong> Polycarbonate (PC)<\/li>\n<\/ul>\n<p><strong>Compatibilit\u00e9 :<\/strong><\/p>\n<ul>\n<li>Compatible avec iPhone 14 et 15 (toutes \u00e9ditions)<\/li>\n<li>Uniquement compatible avec iPhone 15 Pro Max pour le kit de pr\u00e9cision FPS<\/li>\n<\/ul>\n<p><strong>Installation :<\/strong><\/p>\n<ul>\n<li>Les boutons doivent \u00eatre install\u00e9s manuellement. Un tutoriel d&rsquo;installation est disponible.<\/li>\n<\/ul>\n<hr \/>\n<p><strong>Protection et \u00c9cologie :<\/strong><\/p>\n<ul>\n<li><strong>Protection Contre les Chutes :<\/strong> Jusqu&rsquo;\u00e0 1,22 m\u00e8tres.<\/li>\n<li><strong>Vision Claire :<\/strong> Protection d&rsquo;\u00e9cran r\u00e9sistante aux rayures et \u00e0 la poussi\u00e8re pour une vision sans obstacles.<\/li>\n<li><strong>Z\u00e9ro D\u00e9chet :<\/strong> Technologie de mat\u00e9riaux durables pour un recyclage complet.<\/li>\n<\/ul>\n<hr \/>\n<p><strong>D\u00e9couvrez le kit de pr\u00e9cision FPS RhinoBuff de Rhinoshield et devenez l&rsquo;adversaire le plus redoutable ou l&rsquo;alli\u00e9 le plus fiable \u00e0 chaque partie.<\/strong><\/p>\n<\/div>\n<\/div>\n<\/div>\n<div class=\"mt-1 flex gap-3 empty:hidden juice:-ml-3\">\n<div class=\"-ml-1 mt-0 flex h-7 items-center justify-center gap-[2px] self-end text-gray-400 lg:justify-start lg:self-center visible\">\n<p>&nbsp;<\/p>\n<div class=\"flex\"><\/div>\n<div class=\"flex items-center pb-0.5 juice:pb-0\"><\/div>\n<\/div>\n<\/div>\n","protected":false},"excerpt":{"rendered":"<p>Le <strong>RhinoBuff de Rhinoshield<\/strong> est con\u00e7u pour les joueurs mobiles, offrant z\u00e9ro latence, un contr\u00f4le tactile parfait et un design ultra-l\u00e9ger. Avec son refroidissement optimis\u00e9 et ses g\u00e2chettes personnalisables, am\u00e9liorez vos performances de jeu tout en prot\u00e9geant votre t\u00e9l\u00e9phone avec une robustesse de niveau militaire. Compatible avec les iPhone 14 et 15.<\/p>\n","protected":false},"featured_media":2004,"comment_status":"open","ping_status":"closed","template":"","meta":{"_gspb_post_css":""},"store":[256],"product_brand":[],"product_cat":[257],"product_tag":[],"class_list":{"0":"post-2002","1":"product","2":"type-product","3":"status-publish","4":"has-post-thumbnail","6":"store-rhinoshield","7":"product_cat-manette","9":"first","10":"instock","11":"sale","12":"shipping-taxable","13":"product-type-external"},"yoast_head":"<!-- This site is optimized with the Yoast SEO plugin v27.5 - https:\/\/yoast.com\/product\/yoast-seo-wordpress\/ -->\n<title>RhinoBuff de Rhinoshield - Braindegeek<\/title>\n<meta name=\"robots\" content=\"index, follow, max-snippet:-1, max-image-preview:large, max-video-preview:-1\" \/>\n<link rel=\"canonical\" href=\"https:\/\/braindegeek.shop\/index.php\/produit\/rhinobuff-de-rhinoshield\/\" \/>\n<meta property=\"og:locale\" content=\"fr_FR\" \/>\n<meta property=\"og:type\" content=\"article\" \/>\n<meta property=\"og:title\" content=\"RhinoBuff de Rhinoshield - Braindegeek\" \/>\n<meta property=\"og:description\" content=\"Le RhinoBuff de Rhinoshield est con\u00e7u pour les joueurs mobiles, offrant z\u00e9ro latence, un contr\u00f4le tactile parfait et un design ultra-l\u00e9ger. Avec son refroidissement optimis\u00e9 et ses g\u00e2chettes personnalisables, am\u00e9liorez vos performances de jeu tout en prot\u00e9geant votre t\u00e9l\u00e9phone avec une robustesse de niveau militaire. Compatible avec les iPhone 14 et 15.\" \/>\n<meta property=\"og:url\" content=\"https:\/\/braindegeek.shop\/index.php\/produit\/rhinobuff-de-rhinoshield\/\" \/>\n<meta property=\"og:site_name\" content=\"Braindegeek\" \/>\n<meta property=\"article:publisher\" content=\"https:\/\/www.facebook.com\/BrainDeGeek\/\" \/>\n<meta property=\"article:modified_time\" content=\"2024-06-25T07:19:38+00:00\" \/>\n<meta property=\"og:image\" content=\"https:\/\/braindegeek.shop\/wp-content\/uploads\/2024\/05\/RhinoBuff-RhinoShlied.png\" \/>\n\t<meta property=\"og:image:width\" content=\"500\" \/>\n\t<meta property=\"og:image:height\" content=\"500\" \/>\n\t<meta property=\"og:image:type\" content=\"image\/png\" \/>\n<meta name=\"twitter:card\" content=\"summary_large_image\" \/>\n<meta name=\"twitter:site\" content=\"@braindegeek\" \/>\n<meta name=\"twitter:label1\" content=\"Dur\u00e9e de lecture estim\u00e9e\" \/>\n\t<meta name=\"twitter:data1\" content=\"2 minutes\" \/>\n<script type=\"application\/ld+json\" class=\"yoast-schema-graph\">{\"@context\":\"https:\\\/\\\/schema.org\",\"@graph\":[{\"@type\":\"WebPage\",\"@id\":\"https:\\\/\\\/braindegeek.shop\\\/index.php\\\/produit\\\/rhinobuff-de-rhinoshield\\\/\",\"url\":\"https:\\\/\\\/braindegeek.shop\\\/index.php\\\/produit\\\/rhinobuff-de-rhinoshield\\\/\",\"name\":\"RhinoBuff de Rhinoshield - Braindegeek\",\"isPartOf\":{\"@id\":\"http:\\\/\\\/braindegeek.shop\\\/#website\"},\"primaryImageOfPage\":{\"@id\":\"https:\\\/\\\/braindegeek.shop\\\/index.php\\\/produit\\\/rhinobuff-de-rhinoshield\\\/#primaryimage\"},\"image\":{\"@id\":\"https:\\\/\\\/braindegeek.shop\\\/index.php\\\/produit\\\/rhinobuff-de-rhinoshield\\\/#primaryimage\"},\"thumbnailUrl\":\"https:\\\/\\\/braindegeek.shop\\\/wp-content\\\/uploads\\\/2024\\\/05\\\/RhinoBuff-RhinoShlied.png\",\"datePublished\":\"2024-05-20T10:26:32+00:00\",\"dateModified\":\"2024-06-25T07:19:38+00:00\",\"breadcrumb\":{\"@id\":\"https:\\\/\\\/braindegeek.shop\\\/index.php\\\/produit\\\/rhinobuff-de-rhinoshield\\\/#breadcrumb\"},\"inLanguage\":\"fr-FR\",\"potentialAction\":[{\"@type\":\"ReadAction\",\"target\":[\"https:\\\/\\\/braindegeek.shop\\\/index.php\\\/produit\\\/rhinobuff-de-rhinoshield\\\/\"]}]},{\"@type\":\"ImageObject\",\"inLanguage\":\"fr-FR\",\"@id\":\"https:\\\/\\\/braindegeek.shop\\\/index.php\\\/produit\\\/rhinobuff-de-rhinoshield\\\/#primaryimage\",\"url\":\"https:\\\/\\\/braindegeek.shop\\\/wp-content\\\/uploads\\\/2024\\\/05\\\/RhinoBuff-RhinoShlied.png\",\"contentUrl\":\"https:\\\/\\\/braindegeek.shop\\\/wp-content\\\/uploads\\\/2024\\\/05\\\/RhinoBuff-RhinoShlied.png\",\"width\":500,\"height\":500,\"caption\":\"RhinoBuff RhinoShlied\"},{\"@type\":\"BreadcrumbList\",\"@id\":\"https:\\\/\\\/braindegeek.shop\\\/index.php\\\/produit\\\/rhinobuff-de-rhinoshield\\\/#breadcrumb\",\"itemListElement\":[{\"@type\":\"ListItem\",\"position\":1,\"name\":\"Accueil\",\"item\":\"http:\\\/\\\/braindegeek.shop\\\/\"},{\"@type\":\"ListItem\",\"position\":2,\"name\":\"Boutique\",\"item\":\"http:\\\/\\\/braindegeek.shop\\\/index.php\\\/boutique\\\/\"},{\"@type\":\"ListItem\",\"position\":3,\"name\":\"RhinoBuff de Rhinoshield\"}]},{\"@type\":\"WebSite\",\"@id\":\"http:\\\/\\\/braindegeek.shop\\\/#website\",\"url\":\"http:\\\/\\\/braindegeek.shop\\\/\",\"name\":\"Braindegeek, votre guide d'achat pour les produits high-tech\",\"description\":\"Votre guide d&#039;achat pour vos produits high-tech : robots aspirateurs, tondeuse, piscine et autres nouvelles technologies\",\"publisher\":{\"@id\":\"http:\\\/\\\/braindegeek.shop\\\/#organization\"},\"potentialAction\":[{\"@type\":\"SearchAction\",\"target\":{\"@type\":\"EntryPoint\",\"urlTemplate\":\"http:\\\/\\\/braindegeek.shop\\\/?s={search_term_string}\"},\"query-input\":{\"@type\":\"PropertyValueSpecification\",\"valueRequired\":true,\"valueName\":\"search_term_string\"}}],\"inLanguage\":\"fr-FR\"},{\"@type\":\"Organization\",\"@id\":\"http:\\\/\\\/braindegeek.shop\\\/#organization\",\"name\":\"Braindegeek, votre guide d'achat pour les produits high-tech\",\"url\":\"http:\\\/\\\/braindegeek.shop\\\/\",\"logo\":{\"@type\":\"ImageObject\",\"inLanguage\":\"fr-FR\",\"@id\":\"http:\\\/\\\/braindegeek.shop\\\/#\\\/schema\\\/logo\\\/image\\\/\",\"url\":\"https:\\\/\\\/braindegeek.shop\\\/wp-content\\\/uploads\\\/2024\\\/05\\\/bdg-1.png\",\"contentUrl\":\"https:\\\/\\\/braindegeek.shop\\\/wp-content\\\/uploads\\\/2024\\\/05\\\/bdg-1.png\",\"width\":150,\"height\":150,\"caption\":\"Braindegeek, votre guide d'achat pour les produits high-tech\"},\"image\":{\"@id\":\"http:\\\/\\\/braindegeek.shop\\\/#\\\/schema\\\/logo\\\/image\\\/\"},\"sameAs\":[\"https:\\\/\\\/www.facebook.com\\\/BrainDeGeek\\\/\",\"https:\\\/\\\/x.com\\\/braindegeek\",\"https:\\\/\\\/www.tiktok.com\\\/@braindegeek\",\"https:\\\/\\\/www.youtube.com\\\/braindegeek\"]}]}<\/script>\n<!-- \/ Yoast SEO plugin. -->","yoast_head_json":{"title":"RhinoBuff de Rhinoshield - Braindegeek","robots":{"index":"index","follow":"follow","max-snippet":"max-snippet:-1","max-image-preview":"max-image-preview:large","max-video-preview":"max-video-preview:-1"},"canonical":"https:\/\/braindegeek.shop\/index.php\/produit\/rhinobuff-de-rhinoshield\/","og_locale":"fr_FR","og_type":"article","og_title":"RhinoBuff de Rhinoshield - Braindegeek","og_description":"Le RhinoBuff de Rhinoshield est con\u00e7u pour les joueurs mobiles, offrant z\u00e9ro latence, un contr\u00f4le tactile parfait et un design ultra-l\u00e9ger. Avec son refroidissement optimis\u00e9 et ses g\u00e2chettes personnalisables, am\u00e9liorez vos performances de jeu tout en prot\u00e9geant votre t\u00e9l\u00e9phone avec une robustesse de niveau militaire. Compatible avec les iPhone 14 et 15.","og_url":"https:\/\/braindegeek.shop\/index.php\/produit\/rhinobuff-de-rhinoshield\/","og_site_name":"Braindegeek","article_publisher":"https:\/\/www.facebook.com\/BrainDeGeek\/","article_modified_time":"2024-06-25T07:19:38+00:00","og_image":[{"width":500,"height":500,"url":"https:\/\/braindegeek.shop\/wp-content\/uploads\/2024\/05\/RhinoBuff-RhinoShlied.png","type":"image\/png"}],"twitter_card":"summary_large_image","twitter_site":"@braindegeek","twitter_misc":{"Dur\u00e9e de lecture estim\u00e9e":"2 minutes"},"schema":{"@context":"https:\/\/schema.org","@graph":[{"@type":"WebPage","@id":"https:\/\/braindegeek.shop\/index.php\/produit\/rhinobuff-de-rhinoshield\/","url":"https:\/\/braindegeek.shop\/index.php\/produit\/rhinobuff-de-rhinoshield\/","name":"RhinoBuff de Rhinoshield - Braindegeek","isPartOf":{"@id":"http:\/\/braindegeek.shop\/#website"},"primaryImageOfPage":{"@id":"https:\/\/braindegeek.shop\/index.php\/produit\/rhinobuff-de-rhinoshield\/#primaryimage"},"image":{"@id":"https:\/\/braindegeek.shop\/index.php\/produit\/rhinobuff-de-rhinoshield\/#primaryimage"},"thumbnailUrl":"https:\/\/braindegeek.shop\/wp-content\/uploads\/2024\/05\/RhinoBuff-RhinoShlied.png","datePublished":"2024-05-20T10:26:32+00:00","dateModified":"2024-06-25T07:19:38+00:00","breadcrumb":{"@id":"https:\/\/braindegeek.shop\/index.php\/produit\/rhinobuff-de-rhinoshield\/#breadcrumb"},"inLanguage":"fr-FR","potentialAction":[{"@type":"ReadAction","target":["https:\/\/braindegeek.shop\/index.php\/produit\/rhinobuff-de-rhinoshield\/"]}]},{"@type":"ImageObject","inLanguage":"fr-FR","@id":"https:\/\/braindegeek.shop\/index.php\/produit\/rhinobuff-de-rhinoshield\/#primaryimage","url":"https:\/\/braindegeek.shop\/wp-content\/uploads\/2024\/05\/RhinoBuff-RhinoShlied.png","contentUrl":"https:\/\/braindegeek.shop\/wp-content\/uploads\/2024\/05\/RhinoBuff-RhinoShlied.png","width":500,"height":500,"caption":"RhinoBuff RhinoShlied"},{"@type":"BreadcrumbList","@id":"https:\/\/braindegeek.shop\/index.php\/produit\/rhinobuff-de-rhinoshield\/#breadcrumb","itemListElement":[{"@type":"ListItem","position":1,"name":"Accueil","item":"http:\/\/braindegeek.shop\/"},{"@type":"ListItem","position":2,"name":"Boutique","item":"http:\/\/braindegeek.shop\/index.php\/boutique\/"},{"@type":"ListItem","position":3,"name":"RhinoBuff de Rhinoshield"}]},{"@type":"WebSite","@id":"http:\/\/braindegeek.shop\/#website","url":"http:\/\/braindegeek.shop\/","name":"Braindegeek, votre guide d'achat pour les produits high-tech","description":"Votre guide d&#039;achat pour vos produits high-tech : robots aspirateurs, tondeuse, piscine et autres nouvelles technologies","publisher":{"@id":"http:\/\/braindegeek.shop\/#organization"},"potentialAction":[{"@type":"SearchAction","target":{"@type":"EntryPoint","urlTemplate":"http:\/\/braindegeek.shop\/?s={search_term_string}"},"query-input":{"@type":"PropertyValueSpecification","valueRequired":true,"valueName":"search_term_string"}}],"inLanguage":"fr-FR"},{"@type":"Organization","@id":"http:\/\/braindegeek.shop\/#organization","name":"Braindegeek, votre guide d'achat pour les produits high-tech","url":"http:\/\/braindegeek.shop\/","logo":{"@type":"ImageObject","inLanguage":"fr-FR","@id":"http:\/\/braindegeek.shop\/#\/schema\/logo\/image\/","url":"https:\/\/braindegeek.shop\/wp-content\/uploads\/2024\/05\/bdg-1.png","contentUrl":"https:\/\/braindegeek.shop\/wp-content\/uploads\/2024\/05\/bdg-1.png","width":150,"height":150,"caption":"Braindegeek, votre guide d'achat pour les produits high-tech"},"image":{"@id":"http:\/\/braindegeek.shop\/#\/schema\/logo\/image\/"},"sameAs":["https:\/\/www.facebook.com\/BrainDeGeek\/","https:\/\/x.com\/braindegeek","https:\/\/www.tiktok.com\/@braindegeek","https:\/\/www.youtube.com\/braindegeek"]}]}},"jetpack_sharing_enabled":true,"_links":{"self":[{"href":"https:\/\/braindegeek.shop\/index.php\/wp-json\/wp\/v2\/product\/2002","targetHints":{"allow":["GET"]}}],"collection":[{"href":"https:\/\/braindegeek.shop\/index.php\/wp-json\/wp\/v2\/product"}],"about":[{"href":"https:\/\/braindegeek.shop\/index.php\/wp-json\/wp\/v2\/types\/product"}],"replies":[{"embeddable":true,"href":"https:\/\/braindegeek.shop\/index.php\/wp-json\/wp\/v2\/comments?post=2002"}],"wp:featuredmedia":[{"embeddable":true,"href":"https:\/\/braindegeek.shop\/index.php\/wp-json\/wp\/v2\/media\/2004"}],"wp:attachment":[{"href":"https:\/\/braindegeek.shop\/index.php\/wp-json\/wp\/v2\/media?parent=2002"}],"wp:term":[{"taxonomy":"store","embeddable":true,"href":"https:\/\/braindegeek.shop\/index.php\/wp-json\/wp\/v2\/store?post=2002"},{"taxonomy":"product_brand","embeddable":true,"href":"https:\/\/braindegeek.shop\/index.php\/wp-json\/wp\/v2\/product_brand?post=2002"},{"taxonomy":"product_cat","embeddable":true,"href":"https:\/\/braindegeek.shop\/index.php\/wp-json\/wp\/v2\/product_cat?post=2002"},{"taxonomy":"product_tag","embeddable":true,"href":"https:\/\/braindegeek.shop\/index.php\/wp-json\/wp\/v2\/product_tag?post=2002"}],"curies":[{"name":"wp","href":"https:\/\/api.w.org\/{rel}","templated":true}]}}